{"id":66,"date":"2025-06-23T19:35:52","date_gmt":"2025-06-23T22:35:52","guid":{"rendered":"https:\/\/cursosambiente.ead.unlp.edu.ar\/?page_id=66"},"modified":"2025-09-19T14:09:01","modified_gmt":"2025-09-19T17:09:01","slug":"secretaria","status":"publish","type":"page","link":"https:\/\/cursosambiente.ead.unlp.edu.ar\/index.php\/secretaria\/","title":{"rendered":"Secretaria"},"content":{"rendered":"\n<figure class=\"wp-block-image size-full is-resized\"><img loading=\"lazy\" decoding=\"async\" width=\"2885\" height=\"2439\" src=\"https:\/\/cursosambiente.ead.unlp.edu.ar\/wp-content\/uploads\/2025\/06\/secretaria-13.png\" alt=\"\" class=\"wp-image-283\" style=\"width:203px\"\/><\/figure>\n\n\n\n<h2 class=\"wp-block-heading has-text-align-center has-text-color has-link-color wp-elements-18da530eb31b99d881369d2c89dd0ebb\" style=\"color:#33cc33\"><strong>Secretar\u00eda de Ambiente y Conservaci\u00f3n de los Recursos Naturales de la UNLP<\/strong><\/h2>\n\n\n\n<figure class=\"wp-block-image aligncenter size-full is-resized has-custom-border\"><img loading=\"lazy\" decoding=\"async\" width=\"1400\" height=\"1050\" src=\"https:\/\/cursosambiente.ead.unlp.edu.ar\/wp-content\/uploads\/2025\/06\/recursos-renovables-y-no-renovables-og.jpg\" alt=\"\" class=\"wp-image-266\" style=\"border-radius:25px;width:843px;height:auto\"\/><\/figure>\n\n\n\n<div style=\"height:44px\" aria-hidden=\"true\" class=\"wp-block-spacer\"><\/div>\n\n\n<p><span style=\"color: #000000;\">Los principales ejes de la Secretar\u00eda consisten en comprender las problem\u00e1ticas ambientales desde el paradigma de la complejidad, con \u00e9nfasis en nuestro territorio, y conocer alternativas de gesti\u00f3n sustentable.<\/span><br \/>\n<span style=\"color: #000000;\">Esta nueva \u00e1rea en el \u00e1mbito de la UNLP pretende focalizarse principalmente en acciones vinculadas a la educaci\u00f3n y sensibilizaci\u00f3n ambiental, reconociendo que para mejorar el estado del ambiente la educaci\u00f3n es un pilar fundamental.<\/span><\/p>\n<p><span style=\"color: #000000;\">La UNLP tiene un extraordinario potencial para estimular la participaci\u00f3n activa y efectiva del cuidado del ambiente, apoyando actividades que favorezcan el desarrollo sostenible. Para ello es primordial que la universidad en su conjunto -estudiantes, docentes y nodocentes- sea un ejemplo en el cuidado del ambiente y un referente institucional para la sociedad de las acciones que conduzcan a la educaci\u00f3n y preservaci\u00f3n de este. El objetivo es realizar un trabajo interno poniendo en acci\u00f3n las buenas pr\u00e1cticas ambientales.<\/span><\/p>\n<p><span style=\"color: #000000;\">Los temas para trabajar estar\u00e1n vinculados a comprender las principales problem\u00e1ticas ambientales con \u00e9nfasis en nuestro territorio local. Entre ellas se encuentran el cambio clim\u00e1tico, la p\u00e9rdida de la biodiversidad, la destrucci\u00f3n de humedales, la deforestaci\u00f3n, la contaminaci\u00f3n, la destrucci\u00f3n del h\u00e1bitat, entre otras, promoviendo en tal sentido estudios tendientes a solucionar o mitigar estas problem\u00e1ticas.<\/span><\/p>\n<p><span style=\"color: #000000;\">Tambi\u00e9n figura entre los prop\u00f3sitos propiciar alternativas de gesti\u00f3n sostenible como la econom\u00eda circular, agroecolog\u00eda y energ\u00edas alternativas. Se promover\u00e1n investigaciones sobre los principales problemas ambientales locales, dotando a esas investigaciones de los medios de extensi\u00f3n y comunicaci\u00f3n para llegar al ciudadano, y que constituyan un ejemplo a ser impartido desde la comunidad educativa a la sociedad.<\/span><\/p>\n<p><span style=\"color: #000000;\">La vasta experiencia de la UNLP en investigaci\u00f3n cient\u00edfica permitir\u00e1 la articulaci\u00f3n con los gobiernos a nivel local, provincial y nacional para exponer y difundir lineamientos para la sustentabilidad.<\/span><\/p>\n\n\n<div class=\"wp-block-buttons is-layout-flex wp-block-buttons-is-layout-flex\">\n<div class=\"wp-block-button\"><a class=\"wp-block-button__link has-ast-global-color-5-color has-vivid-cyan-blue-background-color has-text-color has-background has-link-color wp-element-button\" href=\"https:\/\/unlp.edu.ar\/ambiente\/\" target=\"_blank\" rel=\"noreferrer noopener\">Web Ambiente UNLP<\/a><\/div>\n<\/div>\n\n\n\n<p><\/p>\n","protected":false},"excerpt":{"rendered":"<p>Secretar\u00eda de Ambiente y Conservaci\u00f3n de los Recursos Naturales de la UNLP Los principales ejes de la Secretar\u00eda consisten en [&hellip;]<\/p>\n","protected":false},"author":2,"featured_media":0,"parent":0,"menu_order":2,"comment_status":"closed","ping_status":"closed","template":"","meta":{"_uag_custom_page_level_css":"","site-sidebar-layout":"default","site-content-layout":"","ast-site-content-layout":"default","site-content-style":"default","site-sidebar-style":"default","ast-global-header-display":"","ast-banner-title-visibility":"","ast-main-header-display":"","ast-hfb-above-header-display":"","ast-hfb-below-header-display":"","ast-hfb-mobile-header-display":"","site-post-title":"","ast-breadcrumbs-content":"","ast-featured-img":"","footer-sml-layout":"","theme-transparent-header-meta":"","adv-header-id-meta":"","stick-header-meta":"","header-above-stick-meta":"","header-main-stick-meta":"","header-below-stick-meta":"","astra-migrate-meta-layouts":"default","ast-page-background-enabled":"default","ast-page-background-meta":{"desktop":{"background-color":"var(--ast-global-color-5)","background-image":"","background-repeat":"repeat","background-position":"center center","background-size":"auto","background-attachment":"scroll","background-type":"","background-media":"","overlay-type":"","overlay-color":"","overlay-opacity":"","overlay-gradient":""},"tablet":{"background-color":"","background-image":"","background-repeat":"repeat","background-position":"center center","background-size":"auto","background-attachment":"scroll","background-type":"","background-media":"","overlay-type":"","overlay-color":"","overlay-opacity":"","overlay-gradient":""},"mobile":{"background-color":"","background-image":"","background-repeat":"repeat","background-position":"center center","background-size":"auto","background-attachment":"scroll","background-type":"","background-media":"","overlay-type":"","overlay-color":"","overlay-opacity":"","overlay-gradient":""}},"ast-content-background-meta":{"desktop":{"background-color":"var(--ast-global-color-4)","background-image":"","background-repeat":"repeat","background-position":"center center","background-size":"auto","background-attachment":"scroll","background-type":"","background-media":"","overlay-type":"","overlay-color":"","overlay-opacity":"","overlay-gradient":""},"tablet":{"background-color":"var(--ast-global-color-4)","background-image":"","background-repeat":"repeat","background-position":"center center","background-size":"auto","background-attachment":"scroll","background-type":"","background-media":"","overlay-type":"","overlay-color":"","overlay-opacity":"","overlay-gradient":""},"mobile":{"background-color":"var(--ast-global-color-4)","background-image":"","background-repeat":"repeat","background-position":"center center","background-size":"auto","background-attachment":"scroll","background-type":"","background-media":"","overlay-type":"","overlay-color":"","overlay-opacity":"","overlay-gradient":""}},"footnotes":""},"class_list":["post-66","page","type-page","status-publish","hentry"],"uagb_featured_image_src":{"full":false,"thumbnail":false,"medium":false,"medium_large":false,"large":false,"1536x1536":false,"2048x2048":false},"uagb_author_info":{"display_name":"Claudio Javier Jaime","author_link":"https:\/\/cursosambiente.ead.unlp.edu.ar\/index.php\/author\/jjaime\/"},"uagb_comment_info":0,"uagb_excerpt":"Secretar\u00eda de Ambiente y Conservaci\u00f3n de los Recursos Naturales de la UNLP Los principales ejes de la Secretar\u00eda consisten en [&hellip;]","_links":{"self":[{"href":"https:\/\/cursosambiente.ead.unlp.edu.ar\/index.php\/wp-json\/wp\/v2\/pages\/66","targetHints":{"allow":["GET"]}}],"collection":[{"href":"https:\/\/cursosambiente.ead.unlp.edu.ar\/index.php\/wp-json\/wp\/v2\/pages"}],"about":[{"href":"https:\/\/cursosambiente.ead.unlp.edu.ar\/index.php\/wp-json\/wp\/v2\/types\/page"}],"author":[{"embeddable":true,"href":"https:\/\/cursosambiente.ead.unlp.edu.ar\/index.php\/wp-json\/wp\/v2\/users\/2"}],"replies":[{"embeddable":true,"href":"https:\/\/cursosambiente.ead.unlp.edu.ar\/index.php\/wp-json\/wp\/v2\/comments?post=66"}],"version-history":[{"count":22,"href":"https:\/\/cursosambiente.ead.unlp.edu.ar\/index.php\/wp-json\/wp\/v2\/pages\/66\/revisions"}],"predecessor-version":[{"id":522,"href":"https:\/\/cursosambiente.ead.unlp.edu.ar\/index.php\/wp-json\/wp\/v2\/pages\/66\/revisions\/522"}],"wp:attachment":[{"href":"https:\/\/cursosambiente.ead.unlp.edu.ar\/index.php\/wp-json\/wp\/v2\/media?parent=66"}],"curies":[{"name":"wp","href":"https:\/\/api.w.org\/{rel}","templated":true}]}}